
Let g(u) = 2*u + 4. Give g(-3).
-2
Let f(s) = s**3 + 11*s**2 - 28*s - 16. What is f(-13)?
10
Let f(o) = -o**3 + 8*o**2 + 30*o + 32. Determine f(11).
-1
Let a(z) = z**3 + 16*z**2 - z - 54. What is a(-16)?
-38
Let g(m) = 44*m**3 - m**2. Calculate g(-1).
-45
Let j(i) = 29*i + 157. Calculate j(-5).
12
Let r(z) = z**3 - 24*z**2 + 18*z + 120. What is r(23)?
5
Let d(w) = -20*w + 78. Give d(3).
18
Let o(g) = -g + 5. Calculate o(11).
-6
Let x(w) = w**2 + 25*w + 70. What is x(-23)?
24
Let q(m) = -2*m - 17. Give q(-6).
-5
Let u(j) = j**3 - 7*j**2 + 4*j. Give u(5).
-30
Let n(l) = 2*l**2 + 3*l - 2. Determine n(2).
12
Let a(i) = i**3 + 27*i**2 - 27*i + 22. Give a(-28).
-6
Let f(n) = 8*n - 6. What is f(5)?
34
Let w(k) = k + 15. Give w(-3).
12
Let w(o) = -71*o - 9. What is w(-1)?
62
Let r(p) = 52*p + 627. Give r(-12).
3
Let a(z) = -2*z**3 + 3*z**2 + 4*z - 3. Give a(2).
1
Let n(h) = 3*h**3 - 3*h**2 + 3*h - 1. What is n(2)?
17
Let p(s) = 2*s**2 - 6*s - 5. Give p(6).
31
Let g(p) = -18*p - 326. What is g(-18)?
-2
Let l(o) = 2*o**3 + 39*o**2 + 21*o + 46. Calculate l(-19).
8
Let r(v) = 11*v. Determine r(1).
11
Let l(o) = o - 1. Give l(24).
23
Let j(w) = -w**3 - 12*w**2 + 52*w + 111. What is j(-15)?
6
Let q(t) = -t**3 - 7*t**2 - 8*t. Calculate q(-6).
12
Let q(j) = -97*j + 379. Determine q(4).
-9
Let l(c) = -7*c - 5. Determine l(-3).
16
Let x(t) = -t**3 + t**2 - t - 19. Calculate x(0).
-19
Let w(u) = 16*u - 15. Determine w(1).
1
Let u(t) = -t**3 - 4*t**2 + 14*t - 16. What is u(-7)?
33
Let o(y) = 12*y + 142. What is o(-12)?
-2
Let i(b) = -6*b - 3. Give i(0).
-3
Let l(u) = u + 13. Determine l(-4).
9
Let x(d) = d**3 - 24*d**2 - 10*d + 234. What is x(24)?
-6
Let q(u) = -u**2 + 12*u - 13. What is q(4)?
19
Let a(u) = -u**3 + u**2 + 4*u - 3. Calculate a(2).
1
Let w(b) = -5*b**2 - 2*b. Give w(2).
-24
Let a(w) = w**2 + 169*w - 1225. Give a(7).
7
Let o(v) = 3*v - 60. Calculate o(18).
-6
Let u(t) = t**2 - 7*t + 67. Calculate u(0).
67
Let w(n) = -n**2 - 9*n + 58. Give w(-14).
-12
Let s(j) = -14*j + 12. Calculate s(1).
-2
Let r(m) = -m**2 + 3*m + 5. Calculate r(5).
-5
Let w(k) = -31*k**3 - 4*k**2 + 2*k + 1. What is w(1)?
-32
Let y(r) = -9*r**3 + 2*r**2 + r. Calculate y(-1).
10
Let l(s) = 25*s - 229. What is l(9)?
-4
Let t(v) = -5*v**2 + 3*v - 10. Give t(3).
-46
Let z(x) = x**3 + 21*x**2 - 3*x - 28. Determine z(-21).
35
Let q(h) = -3*h**2 + 12*h + 3. Determine q(6).
-33
Let x(j) = j**2 + 2*j - 25. What is x(6)?
23
Let v(n) = 12*n - 72. What is v(4)?
-24
Let q(r) = -r**3 - 6*r**2 + 17*r + 98. Determine q(-4).
-2
Let u(n) = -n**3 + 3*n**2 + n - 3. Give u(3).
0
Let p(n) = -6*n**2 - 49*n - 8. What is p(-8)?
0
Let l(n) = n**3 - 25*n**2 - 2*n + 52. Calculate l(25).
2
Let m(x) = 2*x + 98. Calculate m(0).
98
Let q(p) = p**3 + 3*p**2 - 6*p - 4. Give q(-3).
14
Let l(g) = -10*g - 3. What is l(2)?
-23
Let g(m) = -m**2 + 15*m + 3. Calculate g(13).
29
Let r(u) = u**3 + 11*u**2 + 18. Give r(-11).
18
Let n(y) = 2*y**3 - 39*y**2 - 17*y - 19. Calculate n(20).
41
Let i(u) = u**3 + 16*u**2 + 10*u - 71. Give i(-15).
4
Let b(o) = o**3 - 22*o**2 + 2*o - 11. What is b(22)?
33
Let h(l) = l**3 + 5*l**2 - 7*l - 36. Calculate h(-5).
-1
Let f(g) = 2*g - 1. Give f(5).
9
Let u(f) = -2*f - 4. Calculate u(1).
-6
Let u(s) = -2*s - 1. Give u(-1).
1
Let b(q) = q**3 + 13*q**2 - 28*q + 16. What is b(-15)?
-14
Let i(v) = -2*v**3 - 55*v**2 + 29*v + 27. What is i(-28)?
-1
Let l(n) = -4*n - 8. Determine l(-6).
16
Let w(o) = -22*o + 746. What is w(34)?
-2
Let q(l) = -5*l + 53. Determine q(17).
-32
Let d(a) = 11*a - 212. What is d(18)?
-14
Let i(v) = -v**2 - 8*v - 9. Give i(-6).
3
Let s(q) = -q**2 - 5*q + 13. What is s(-7)?
-1
Let y(x) = -18*x**3 - 4*x - 4. What is y(-1)?
18
Let o(v) = 5*v - 45. Calculate o(9).
0
Let y(z) = 2*z - 18. Determine y(-5).
-28
Let a(l) = l**2 - l - 3. Give a(-3).
9
Let l(s) = s**2 + s + 13. Determine l(0).
13
Let j(z) = z**3 - 19*z**2 - 44*z + 36. What is j(21)?
-6
Let g(c) = -78*c - 75. What is g(-1)?
3
Let k(c) = 2*c**2 - 19*c - 3. What is k(7)?
-38
Let z(t) = 4*t + 2. Give z(5).
22
Let h(l) = 3*l**2 - 2*l. Calculate h(-1).
5
Let n(p) = -p**3 + 12*p**2 + p - 24. Give n(12).
-12
Let j(f) = -f**3 + 2*f**2 - 5*f + 3. Determine j(4).
-49
Let t(u) = u**2 - 6*u - 11. Give t(5).
-16
Let b(o) = 3*o**2 - o - 2. Determine b(-1).
2
Let p(y) = 2*y + 8. Determine p(6).
20
Let v(h) = h**2 - 13*h - 7. What is v(10)?
-37
Let q(c) = 2*c + 15. What is q(-9)?
-3
Let f(c) = -c**3 + 5*c**2 - 7*c + 11. Give f(4).
-1
Let r(w) = w**2 + 1. What is r(-2)?
5
Let i(z) = -139*z - 691. Calculate i(-5).
4
Let w(f) = f**2 + 13*f - 2. Determine w(0).
-2
Let p(z) = z**3 + z**2 - 4*z + 3. What is p(-4)?
-29
Let d(i) = -i**3 + 7*i**2 - 2*i - 5. Calculate d(7).
-19
Let f(s) = s - 6. Give f(12).
6
Let m(h) = -70*h + 848. Calculate m(12).
8
Let l(w) = -2*w**2 - 2*w. Calculate l(-2).
-4
Let j(d) = -d**2 + 6*d - 13. Determine j(7).
-20
Let q(u) = -11*u - 14. Determine q(-4).
30
Let z(k) = -k + 4. Give z(11).
-7
Let g(k) = -k**2 - 7*k - 11. What is g(-3)?
1
Let b(z) = -z**3 + 15*z**2 - 15*z + 8. Determine b(14).
-6
Let d(n) = -33*n - 455. Determine d(-14).
7
Let u(y) = -y**3 + 2*y + 3. What is u(3)?
-18
Let p(i) = i**3 + 9*i**2 - 15*i - 15. Determine p(-9).
120
Let y(s) = -3*s + 13. What is y(-6)?
31
Let n(j) = -j**3 - 18*j**2 + 19*j - 19. Give n(-19).
-19
Let t(q) = q**3 + 11*q**2 - 3*q - 24. Give t(-11).
9
Let c(p) = -5*p**2 - 14*p - 9. Calculate c(-3).
-12
Let f(m) = 66*m - 67. Determine f(1).
-1
Let z(k) = k**3 - 6*k**2 - 7*k - 11. Calculate z(7).
-11
Let s(x) = -x**2 - 3*x. What is s(1)?
-4
Let v(f) = -f**2 + 51*f + 400. Calculate v(58).
-6
Let q(b) = -9*b + 3. What is q(-6)?
57
Let l(i) = 10*i**3 - i. Determine l(-1).
-9
Let a(w) = 8*w. Determine a(0).
0
Let t(s) = -s**3 + 11*s**2 + 40*s + 17. Give t(14).
-11
Let q(i) = -3*i + 41. What is q(15)?
-4
Let v(a) = -4*a - 2. Determine v(-1).
2
Let b(i) = 2*i**2 + 25*i - 35. Calculate b(-14).
7
Let d(p) = -28*p**2 - 136*p + 8. What is d(-5)?
-12
Let b(y) = 64*y**3 + 2*y**2 + y - 2. Give b(-1).
-65
Let v(c) = -2*c**2 - 14*c + 29. What is v(-9)?
-7
Let q(h) = -h**3 + 2*h**2 + 6*h - 9. Determine q(3).
0
Let q(f) = 2*f. Determine q(-4).
-8
Let k(l) = -l**2 + 7*l + 22. Determine k(8).
14
Let x(a) = 13*a - 2. What is x(4)?
50
Let a(x) = -x**2 + 9*x - 5. Determine a(9).
-5
Let s(p) = -5*p**3 - 4*p**2 - 3*p. Determine s(-2).
30
Let d(y) = y + 3. Determine d(-5).
-2
Let c(h) = -15*h**3 + 3*h**2 - 2*h + 3. Calculate c(2).
-109
Let b(n) = n**2 + 6*n - 12. What is b(3)?
15
Let v(w) = w**3 - 11*w**2 - 14*w + 17. Give v(12).
-7
Let r(c) = 7*c**3 + c**2 + c + 1. What is r(-1)?
-6
Let y(m) = 51*m + 338. What is y(-7)?
-19
Let b(i) = -i**3 - 3*i**2 - i - 4. Determine b(-2).
-6
Let l(o) = -o**3 - 19*o**2 - 38*o - 74. Give l(-17).
-6
Let r(p) = 2*p**3 - 5*p - 7. What is r(-2)?
-13
Let k(a) = a + 8. Give k(10).
18
Let x(v) = 2*v + 3. Calculate x(-3).
-3
Let h(x) = -51*x - 417. What is h(-8)?
-9
Let v(u) = -u**2 - 27*u + 144. Calculate v(-32).
-16
Let k(r) = -r**3 - 16*r**2 + 42*r + 113. Calculate k(-18).
5
Let o(c) = 2*c + 4. What is o(4)?
12
Let l(p) = p**2 + 10*p + 2. Determine l(-13).
41
Let t(c) = c**2 + 25*c + 4. Determine t(-27).
58
Let n(j) = j**3 - 7*j**2 + 10. Calculate n(7).
10
Let l(s) = -11*s + 118. Give l(11).
-3
Let q(x) = x - 25. Determine q(11).
-14
Let i(c) = 7*c - 16. Give i(4).
12
Let n(u) = u**2 - u - 3. Calculate n(4).
9
Let r(d) = -d**3 + 7*d**2 + 7*d - 4. What is r(-3)?
65
Let w(b) = -20*b**3 + 2*b**2 + 2*b + 1. Calculate w(-1).
21
Let w(s) = s**2 + 16*s - 9. Calculate w(-17).
8
Let b(s) = -6*s - 57. What is b(-8)?
-9
Let z(u) = u**3 + u**2 + u - 4. What is z(-3)?
-25
Let o(k) = -5*k**3 + 51*k**2 - 12*k + 24. Determine o(10).
4
Let u(p) = -2*p**3 + 22*p**2 - 59*p + 14. Determine u(4).
2
Let y(p) = 4*p + 8. What is y(4)?
24
Let t(u) = -u**3 + 4*u - 4. What is t(-3)?
11
Let f(w) = -w**3 - 3*w**2 - 2*w - 1. Determine f(-4).
23
Let m(z) = z**2 - z - 4. What is m(3)?
2
Let i(q) = q**3 - 16*q**2 + 16*q - 14. Determine i(15).
1
Let f(r) = -r**3 + 3*r**2 - 2*r + 4. What is f(4)?
-20
Let d(n) = -n**3 + 7*n**2 + 9*n + 8. Calculate d(8).
16
Let v(k) = 9*k + 2. What is v(6)?
56
Let w(p) = 23*p - 6. Calculate w(7).
155
Let v(w) = w**3 + 11*w**2 - 3*w - 25. What is v(-11)?
8
Let p(g) = -g**2